e factors of w?
2, 3
Suppose 0 = -5*w + 30 + 35. Suppose h - 2*h - 2*d + w = 0, -4*h + 5*d = 0. What are the prime factors of h?
5
Suppose 2*t + 83 + 69 = 2*p, -4*p = -3*t - 300. What are the prime factors of p?
2, 3
What are the prime factors of (-87)/(-2)*(-10)/(-15)?
29
Let z = 12 - 9. Suppose z*s = 10 + 20. List the prime factors of s.
2, 5
Suppose 4*i - 10 = 2*c, -5*i - 2*c + 3 + 5 = 0. Suppose -6*d - 80 = -5*b - i*d, -3*d - 15 = 0. What are the prime factors of b?
2, 3
Let o be (35/(-10))/((-1)/(-10)). What are the prime factors of 2 + -1 - o - 3?
3, 11
Let f(a) = 5*a - 3. Let c(y) be the second derivative of -y**3/6 + y**2/2 + y. Let m(u) = -12*c(u) - 3*f(u). What are the prime factors of m(-4)?
3
Let n(a) = 6*a**2 - 6*a + 5. What are the prime factors of n(5)?
5
Let c(a) be the third derivative of -a**6/40 - a**4/24 + a**3/3 - 3*a**2. List the prime factors of c(-2).
2, 7
Let u = -3 - -32. List the prime factors of u.
29
Let s(a) = -a**2 + 5*a - 3. Let g be s(3). Suppose 0 = c - 7*m + g*m - 7, m = 2*c - 7. Suppose -l = c*l - 8. What are the prime factors of l?
2
Let x(v) = -v**3 + 5*v**2 + v - 5. Let m be x(5). Suppose 4*d = -3*p + 16, m*p + d + 15 = 4*p. List the prime factors of p.
2
Suppose 0 = -t - 3, n - 2*t - 117 = 2*t. What are the prime factors of n?
3, 5, 7
Suppose -p + 35 = 3. List the prime factors of p.
2
Suppose m = -m + 32. List the prime factors of m.
2
Suppose 3*c = -5*q + 129, c - 21 - 8 = 3*q. What are the prime factors of c?
2, 19
Let o be ((-1)/2)/(9/108). Let s(u) = u**2 + 7*u + 9. Let c be s(o). Suppose -c*j + 7 = -20. List the prime factors of j.
3
Suppose 45 = m - 5*y, -m - 2*y = -6*y - 42. Let x = m + 7. What are the prime factors of x?
37
Let c = 58 - 30. List the prime factors of c.
2, 7
Let x = -6 - -6. Suppose -4*y = 2*l - 10, -3*y = 2*l - 5*l - 21. Suppose x*f - 40 = -y*f. What are the prime factors of f?
2, 5
Let r(l) = -l**2 - 10*l + 8. Suppose -3*h = 2*h + 40. What are the prime factors of r(h)?
2, 3
Suppose k + 0 = 14. Let z = -6 + k. List the prime factors of z.
2
Let j be (-1)/((-3)/(2 - 8)). Let d = 10 + j. Let u = d + 0. List the prime factors of u.
2
Suppose -5*s + 16 = q, 130 = 5*q + s + 2. What are the prime factors of q?
2, 13
Let l(t) = 3*t**2 - 4*t - 5. Let x be l(4). List the prime factors of 291/x - (-4)/18.
11
Let u be (-46)/(-8) + 8/32. Suppose -3*h + u*h - 242 = -5*s, 0 = -4*s + 4*h + 200. What are the prime factors of s?
7
Let v(r) = 5*r**2 - 7*r - 2. Let a be (-51)/(-12) - 2/8. Let k(z) = 4*z**2 - 6*z - 2. Let g(d) = a*k(d) - 3*v(d). What are the prime factors of g(5)?
2
Suppose -t + 152 = -50. What are the prime factors of t?
2, 101
Suppose 0 = -0*r - 2*r + 6, 0 = l - 4*r - 22. What are the prime factors of l?
2, 17
Let z be 15/(-4) + 1/(-4). List the prime factors of 2/z*2*-18.
2, 3
Let o = 5 + -32. Let s = -19 - o. What are the prime factors of s?
2
Suppose -2*n - n - 37 = o, -4*o = 4*n + 60. Let r(d) = d**2 + 9*d + 14. List the prime factors of r(n).
2, 3
Suppose -2*h - 2*h = 8. Suppose 5*a - 29 = 6. Let x = a + h. List the prime factors of x.
5
Let n = -20 + 27. Suppose -5*x - 78 = -n*x. List the prime factors of x.
3, 13
Suppose 0 = 4*w - 70 - 26. Suppose -z = z - w. What are the prime factors of z?
2, 3
Let y = 511 - 203. What are the prime factors of 6/(-15) - y/(-20)?
3, 5
Suppose 3*u - 6 = -3, 2*u = -2*t + 26. Let q = -7 + t. Let o(z) = 5*z - 5. What are the prime factors of o(q)?
2, 5
Let v(j) = -j**3 + 8*j**2 + 3*j - 5. What are the prime factors of v(8)?
19
Let q = -2 - -134. List the prime factors of q.
2, 3, 11
Suppose 6*w + 81 = 381. What are the prime factors of w?
2, 5
Suppose -k - b = -2, 2*k - k - 5*b - 2 = 0. Let z(h) = h**3 + 4*h**2 - 3*h. What are the prime factors of z(k)?
2, 3
Let h = -106 - -31. What are the prime factors of h/(-10)*4/5?
2, 3
Let v be (-19)/(-3) + 3/(-9). Suppose 2*i - 5*i = -v. Suppose -21 = -o - i*o + 5*f, 2*f - 54 = -4*o. List the prime factors of o.
2, 3
List the prime factors of (1005/20)/((-19)/(-8) + -2).
2, 67
Let d = -4 - -7. Suppose q - 5*y - 57 = 0, d*q + 2*y - 43 = 2*q. List the prime factors of q.
47
Let i be (16/(-6))/(4/(-6)). Suppose i*o - 3 = 13. List the prime factors of o.
2
Let z = -9 + 14. List the prime factors of z.
5
Let l(a) = a - 5. Suppose -b = -2*b - r + 5, -4*r - 60 = -4*b. List the prime factors of l(b).
5
Suppose -2*o - 2*c + 58 = 0, 68 + 43 = 3*o - 3*c. Suppose -3*k + v = -k - 15, 2*v - o = -5*k. Suppose a - 10 = k. List the prime factors of a.
17
Let f(u) = -u**3 - 4*u**2 - 5*u + 20. What are the prime factors of f(-6)?
2, 61
Let t(h) = h**2 - 9*h. Let q = 28 - 18. List the prime factors of t(q).
2, 5
Suppose -4*q = c, 0 = 3*c - 2*c + 3*q + 2. List the prime factors of (12/c)/(2/(-28)).
3, 7
Let k = 71 + -30. Suppose -2*n - k = -127. What are the prime factors of n?
43
Suppose 2*l - 3 = 1. Suppose -4*n + 4*k = 2*k - 124, -l*n = 4*k - 52. List the prime factors of n.
2, 3, 5
Suppose -2*v - 275 = -5*t + 577, -5*v - 324 = -2*t. What are the prime factors of t?
2, 43
What are the prime factors of (40/32)/(1/80)?
2, 5
What are the prime factors of 1 - 0 - (-27 + 1 + 2)?
5
Suppose -2*m - 18 = -2*g, -4*g - 4*m + 40 = -9*m. Suppose -g*z = 2*i - 2*z, 4*i = 3*z - 18. Let v(a) = -a**2 - 3*a + 2. List the prime factors of v(i).
2
List the prime factors of (3180/50)/((-24)/15 - -2).
3, 53
Let d(n) = 4*n**2 - 6*n + 6. List the prime factors of d(4).
2, 23
Suppose i - 3*s + 13 - 2 = 0, 21 = -5*i - 2*s. Let v = i + 5. Let b = 11 + v. What are the prime factors of b?
11
Let w(q) be the second derivative of 3*q**5/10 - q**3/2 + q**2/2 - q. What are the prime factors of w(2)?
43
Let d be (-5)/(-10) + 18/4. Suppose -35 = -3*i + d*g, g = i - 0*g - 15. What are the prime factors of i?
2, 5
Suppose 5*d = -2*f + 8, d + 0*d - 16 = -4*f. Suppose -3*x = -d*x - 36. List the prime factors of x.
2, 3
What are the prime factors of -1 - 2/(-4) - (-3544)/16?
13, 17
Let i(o) = o**3 - 12*o**2 + 12*o + 4. List the prime factors of i(11).
3, 5
Let r = -23 - -48. Suppose 0 = -2*t - 11 + r. List the prime factors of t.
7
Suppose 0 = -4*b + 75 + 5. Suppose 4*g = -3*o - 20 + 72, -5*o = b. List the prime factors of g.
2
Suppose 3*b + 17 = -3*m + 197, -3*b + 5*m + 148 = 0. List the prime factors of b.
2, 7
Let o = 4 - 2. Suppose t + o*t = 99. List the prime factors of t.
3, 11
Suppose -32 = 5*u + 23. Let v = -7 - u. Suppose 0 = v*a - 4*d - 38 - 22, 0 = 2*d + 2. List the prime factors of a.
2, 7
Let b(n) be the second derivative of n**5/20 - 2*n**4/3 + 3*n**3/2 - n**2 + n. Suppose 3*t + 3*m - 16 = 5, 5*t - 5*m = 35. List the prime factors of b(t).
2, 3
Suppose 0*a + 3*a = 27. What are the prime factors of a?
3
Suppose -65 = -9*p + 4*p. What are the prime factors of p?
13
What are the prime factors of (149/2)/(5 - (-18)/(-4))?
149
Let p(a) = -2*a**2 + 8 - 13 + 3*a**2 + 3*a. List the prime factors of p(4).
23
Let u(s) = s**3 + 23*s**2 - 4*s - 8. What are the prime factors of u(-23)?
2, 3, 7
Let j be 1/2 - (-47)/2. Suppose j + 0 = -4*l. List the prime factors of (20/(-6))/(l/18).
2, 5
Suppose -6*d - 35 = -11*d. Suppose -d - 2 = -w. What are the prime factors of w?
3
Suppose 4*o - 1151 = z + 2*z, -4*z = o - 302. What are the prime factors of o?
2, 5, 29
Suppose -200 = -z + 6*z - 4*d, 4*z + 166 = 2*d. List the prime factors of (z/6)/((-2)/6).
2, 11
Let k = -1 + 33. Suppose n = k - 3. List the prime factors of n.
29
Suppose 3*t - 2*t - 273 = z, 2*t = -5*z + 581. List the prime factors of t.
2, 139
Suppose -3*s - 67 = 3*j - 193, 183 = 5*j - 4*s. What are the prime factors of j?
3, 13
Let t be 3/12 - 34/8. Let m(p) = 2*p**2 - 4*p + 4. Let n be m(t). Let q = -37 + n. List the prime factors of q.
3, 5
Let w = -1 - -13. List the prime factors of 7/((21/w)/7).
2, 7
Let w(q) = q + 2. Let z be w(5). Let r be 51/17*(-8)/(-6). Suppose -z*o + 15 = -r*o. What are the prime factors of o?
5
Let u(y) = -y**3 - y**2 - 2. Let i be u(-2). Suppose 3*h + 0*g - 120 = -4*g, -i*h - 2*g = -80. Suppose 0 = 2*m - 6*m + h. What are the prime factors of m?
2, 5
Suppose -83 - 16 = -x. Suppose 0 = 3*h - 3*u - x, -3*h = -h + 2*u - 58. What are the prime factors of h?
31
Let n = 19 + -11. Suppose -3*x + n = 2*y, -y = 9 - 4. What are the prime factors of x?
2, 3
Suppose -168 - 200 = -4*t